base 13.
6abb9
-97018 (base 15) to base 9
-810385
What is -91cb2 (base 15) in base 5?
-104234432
-10002112002011 (base 3) to base 16
-1915b1
What is 203304000 (base 5) in base 7?
10060102
Convert -7b77a (base 13) to base 11.
-14436a
What is -b246 (base 14) in base 11?
-21023
-1302b1a (base 12) to base 2
-1110010000011111000110
11000101011110010110101 (base 2) to base 9
13152278
Convert -733387 (base 9) to base 11.
-278251
-9431 (base 15) to base 14
-b5b3
1805991 (base 10) to base 14
350235
-83228 (base 10) to base 5
-10130403
Convert -1001010010101101 (base 2) to base 8.
-112255
What is a0571a (base 12) in base 15?
34522a
What is -11d91 (base 14) in base 3?
-2020010112
What is 6861432 (base 11) in base 4?
231303200232
-1121301302 (base 4) to base 5
-43231410
200210210001 (base 3) to base 7
3101134
What is 10544204 (base 7) in base 10?
918656
-1010000221100 (base 3) to base 2
-10010000010101000110
513452 (base 7) to base 9
143262
What is -515474 (base 11) in base 15?
-115111
-2211012020022 (base 3) to base 4
-11232021023
What is -27155531 (base 8) in base 4?
-113031231121
Convert -113085 (base 12) to base 11.
-178557
Convert -17472661 (base 8) to base 9.
-7628028
What is 1101101000100100011010 (base 2) in base 15?
4a8e97
What is 590743 (base 10) in base 13?
178b6a
-115515 (base 10) to base 4
-130030323
What is -24043310 (base 6) in base 5?
-143034232
23033012 (base 4) to base 9
70115
-722545 (base 13) to base 12
-a84251
Convert 2894d (base 16) to base 8.
504515
Convert -2274157 (base 10) to base 6.
-120424301
110021010011121 (base 3) to base 15
88b124
-3855f7 (base 16) to base 2
-1110000101010111110111
Convert -1012212211102102 (base 3) to base 2.
-1000010101010011001011111
What is 1224352 (base 6) in base 15?
1476e
Convert 383b8b (base 15) to base 6.
133440452
What is -24a9dd (base 14) in base 7?
-13461466
Convert -2300201123 (base 4) to base 5.
-141114120
Convert 66b339 (base 16) to base 2.
11001101011001100111001
What is -2ae57a (base 15) in base 5?
-1012322430
Convert -67db8 (base 16) to base 8.
-1476670
Convert 10a66 (base 12) to base 11.
157a1
What is -3c7a0 (base 14) in base 8?
-444270
What is -511461 (base 12) in base 15?
-1a074d
What is -3a3317 (base 11) in base 3?
-1012012121011
Convert -72334402 (base 8) to base 3.
-1001211012022120
-1516146 (base 8) to base 2
-1101001110001100110
What is 382712 (base 10) in base 12?
165588
What is -102302011 (base 4) in base 15?
-17bdd
-123232 (base 8) to base 9
-64448
Convert -456278 (base 9) to base 12.
-112408
Convert 139b0c6 (base 15) to base 2.
110110000001011100010110
What is -931759 (base 10) in base 9?
-1670117
What is 105d83 (base 15) in base 11?
492553
2cd99 (base 16) to base 10
183705
What is -77649 (base 13) in base 6?
-4345433
-220566 (base 8) to base 6
-1331022
What is 744b5 (base 15) in base 16?
5a131
What is -b3ab2 (base 13) in base 15?
-658b7
Convert 121210 (base 11) to base 9.
322231
Convert c72a (base 13) to base 10.
27583
What is -b062 (base 15) in base 3?
-1220001102
What is 251233 (base 13) in base 2?
11011000110010100000
-8f0f4 (base 16) to base 10
-585972
What is -8a5d0 (base 14) in base 12?
-1424a2
Convert -211221331022 (base 4) to base 6.
-551323522
14316d (base 14) to base 8
2527155
Convert 120110200020 (base 3) to base 2.
1001010010101100101
What is -21606101 (base 8) in base 13?
-c70459
Convert -244897 (base 15) to base 6.
-101120124
-a2552 (base 14) to base 8
-1373054
20c13c (base 13) to base 6
24252550
What is -1223103122 (base 4) in base 8?
-1532332
Convert 64363065 (base 7) to base 6.
313223553
Convert -100110100110011011111 (base 2) to base 14.
-24cd55
Convert 4554505 (base 9) to base 3.
11121211120012
Convert -16162401 (base 8) to base 10.
-3728641
Convert -110101111001110110110 (base 2) to base 3.
-10022201221111
What is 95019b (base 12) in base 10?
2343431
What is -1a1006 (base 11) in base 3?
-120200120222
What is -10145030 (base 6) in base 13?
-a3a7c
Convert 2192c (base 15) to base 14.
2ac4c
Convert -1105668 (base 11) to base 9.
-3576240
Convert -133550 (base 9) to base 6.
-1424413
353253 (base 10) to base 14
92a45
-e6f6 (base 16) to base 4
-32123312
Convert -91b69 (base 15) to base 3.
-212110011100
What is -2a242 (base 14) in base 12?
-5072a
-9cbda (base 16) to base 14
-129d7c
11023201 (base 5) to base 2
10111010011000010
What is -32b472 (base 14) in base 6?
-100521152
Convert 2540a6 (base 11) to base 16.
61d6b
What is -797c6 (base 13) in base 5?
-24033140
What is 1001111322 (base 4) in base 13?
94a8b
Convert -11509 (base 10) to base 2.
-10110011110101
Convert 512266 (base 7) to base 8.
252344
Convert -24254006 (base 7) to base 15.
-2cb5be
-193c218 (base 13) to base 11
-4746588
What is 3641314 (base 7) in base 9?
776307
22310110211 (base 4) to base 16
2b4525
Convert -120304 (base 7) to base 6.
-244424
Convert -1202202122 (base 5) to base 11.
-1623848
630373 (base 10) to base 16
99e65
-3857224 (base 11) to base 16
-6604b9
Convert -131203131 (base 4) to base 15.
-25d03
50150223 (base 7) to base 14
79d24a
-999ea (base 15) to base 5
-111110440
-11220000110 (base 3) to base 16
-177f0
-1054530202 (base 6) to base 3
-211000202202202
What is 3898885 (base 11) in base 16?
66f1c9
-404013313 (base 5) to base 12
-66502b
Convert 63672 (base 11) to base 13.
33226
1644206 (base 7) to base 9
378818
Convert -551a (base 16) to base 10.
-21786
What is 45306a (base 12) in base 3?
2002002210001
Convert 1163560 (base 8) to base 15.
65362
Convert 11241304310 (base 5) to base 13.
28765c8
Convert -14500435 (base 6) to base 3.
-221200120012
What is 26558 (base 10) in base 5?
1322213
What is 21ffc8 (base 16) in base 14?
42002c
881cc0 (base 15) to base 6
351004543
Convert cc96b (base 14) to base 15.
9bd6e
222002012101222 (base 3) to base 6
1213030125
What is -44248 (base 16) in base 10?
-279112
149089 (base 10) to base 2
100100011001100001
a2099 (base 11) to base 8
443274
21122021100 (base 3) to base 8
445544
Convert 231573 (base 8) to base 10.
78715
-15668 (base 15) to base 12
-33a98
-30160 (base 15) to base 13
-5436c
What is 1103233321 (base 4) in base 16?
53bf9
-2c850b (base 13) to base 4
-10031132012
-2248510 (base 12) to base 5
-3140122012
Convert 197786 (base 14) to base 15.
12cde6
-4e057 (base 16) to base 9
-536333
What is 61100 (base 12) in base 11?
86978
14320402 (base 7) to base 2
101001001011110111000
-3c02d (base 16) to base 10
-245805
What is -2ee0c (base 15) in base 4?
-211001232
What is -52230312 (base 6) in base 16?
-171464
Convert -10133233031 (base 4) to base 2.
-100011111101111001101
Convert -7192 (base 11) to base 4.
-2111003
What is 1002203202 (base 4) in base 9?
454850
What is -339619 (base 11) in base 8?
-2036231
-32523445 (base 7) to base 3
-12021001102101
Convert 3ab41 (base 12) to base 6.
1423321
-11454123 (base 6) to base 16
-59223
What is 20112101221 (base 3) in base 8?
373127
What is 1211021122112 (base 3) in base 7?
11150054
-1215 (base 10) to base 13
-726
Convert 1001120112201 (base 3) to base 7.
4531546
What is -17d2a8 (base 14) in base 3?
-1120211022022
41443032 (base 5) to base 12
146965
402112511 (base 6) to base 8
32013133
What is 11203433 (base 6) in base 16?
53bad
What is c30a68 (base 13) in base 5?
2130333400
21321321 (base 5) to base 15
3920b
What is -134cb (base 16) in base 8?
-232313
Convert 12146674 (base 8) to base 12.
a8b624
Convert 13751 (base 16) to base 12.
3a155
Convert -11000110111100111001 (base 2) to base 5.
-202034110
Convert -743875 (base 12) to base 14.
-3594b7
Convert -4881838 (base 9) to base 7.
-31353641
What is -23440044 (base 8) in base 2?
-10011100100000000100100
What is -1283a0 (base 11) in base 10?
-201454
What is 1c197 (base 13) in base 11?
38539
Convert -1200221011100 (base 3) to base 7.
-10453536
2979677 (base 10) to base 16
2d775d
What is -76787 (base 15) in base 12?
-161947
What is -101001000101111111100100 (base 2) in base 14?
-1605b6c
1126641 (base 8) to base 3
120120120022
Convert -295407 (base 13) to base 9.
-1811220
What is -1452477 (base 8) in base 13?
-116bb1
What is 2414344 (base 5) in base 9?
67621
1176208 (base 9) to base 12
26ab15
What is 6b32c8 (base 14) in base 3?
20212212021100
Convert 10111110110010001101 (base 2) to base 13.
2148ca
Convert -1248a (base 11) to base 12.
-a425
Convert 10112001200 (base 3